common factor of 196 and x?
28
Let q be 1 - 39/26 - 3991/(-26). Calculate the highest common factor of 243 and q.
9
Suppose -42*q + 53*q + 6624 = 23*q. What is the greatest common divisor of 192 and q?
24
Let q = -271 + 460. Let w = 28 + -1. What is the greatest common factor of q and w?
27
Suppose 0 = -132*x - 40*x + 614900. What is the highest common factor of 44 and x?
11
Let f = 23495 + -2910. What is the highest common divisor of 115 and f?
115
Let f = 5488 + -5474. What is the greatest common divisor of 2177 and f?
7
Let c = 140 - -55. Let a(j) = -26*j + 2119. Let y be a(64). What is the highest common divisor of y and c?
65
Let k(g) = g**3 - 102*g**2 - 394*g - 165. Let q be k(106). Calculate the highest common factor of q and 134.
67
Let w = -393 + 398. Suppose -3*g + 4*c + 438 - 35 = 0, -w*c = 20. What is the greatest common factor of 43 and g?
43
Suppose -125*f - 1008 = -132*f. Let v = 397 - f. Calculate the greatest common factor of v and 46.
23
Let n = -141 + 141. Suppose -29*l + 33*l = n. Suppose l*h = h - 72. Calculate the highest common divisor of h and 9.
9
Suppose 0 = -3*i + 4*v + v + 9, 4*i + 3*v - 12 = 0. Let l be (2/i)/(12/1278). Let n = l + -16. What is the highest common divisor of n and 11?
11
Let m = 12291 - 6021. What is the highest common factor of m and 228?
114
Suppose -97*z = -100*z - 3*w + 129, 3*w = -2*z + 88. Calculate the highest common divisor of z and 10537.
41
Let v be 78/18*1*(-1 + 88). What is the greatest common factor of v and 145?
29
Suppose 0 = 3*h - 32 + 5. Let b(x) = -x**3 + 5*x**2 - x - 6. Let v be b(4). What is the highest common divisor of v and h?
3
Suppose 0*g - g + 5*n = 0, g - 3*n = 2. Suppose 5*x - 2*x = v + 245, 3*x = -v + 235. What is the greatest common factor of g and x?
5
Suppose 483 = -30*h - 21*h - 3138. Suppose -3*b + 3*p = -32 - 226, 5*b - p = 446. Let u = h + b. What is the highest common factor of u and 19?
19
Let u(o) = 15*o**3 - 7*o**2 + 10*o - 18. Let i be u(4). Suppose 26*r + i = 31*r. Calculate the greatest common divisor of r and 116.
58
Let q be ((-10)/8)/(5 - 724/144). Let w = 48 - q. Let r(k) = 2*k**2 - 12. Let f be r(w). Calculate the highest common factor of f and 48.
6
Let y be (2160/(-21))/(14/(2156/(-33))). Let p(b) = -b**3 + 13*b**2 - 7*b. Let w be p(12). What is the highest common divisor of w and y?
60
Let r = 1 + 50. Suppose -12*h + 39 + 9 = 0. Suppose -u - h = 0, 5*u = 5*x - 0*u - 105. Calculate the greatest common factor of x and r.
17
Let t = 22 + -36. Let h = t - -29. Let w be h*(2 + (-3 - -2)). Calculate the greatest common factor of 15 and w.
15
Suppose -2*l + 5*y = -153, 4*l + 5*y - 267 = -6. Let c(w) = -2*w - 2. Let b be c(-2). Let h be 1648/36 + b/9. Calculate the greatest common divisor of h and l.
23
Let j(n) = 28*n - 584. Let c be j(26). Suppose -q + 2 - 1 = -5*f, q = -f + 19. What is the highest common factor of c and q?
16
Suppose 5 = -4*v - 2*q + 15, 0 = v + 4*q - 20. Let w be (-6*(-2 + v))/((-9)/(-24)). Calculate the highest common divisor of w and 112.
16
Suppose -28*f + 4600 = -8*f. Suppose -3*r - r = 168. Let j be 2 + r/(-4)*2. Calculate the highest common divisor of f and j.
23
Suppose 15*h + 13 = 16*h. Let p be (30/(-20))/(-2 - h/(-8)). Suppose -4*a - 3*n = -2*n - 113, -p*n + 4 = 0. What is the greatest common divisor of a and 308?
28
Let w be (-4059)/6*(4 + (-6 + 1 - 1)). Calculate the highest common divisor of w and 330.
33
Let x = -101 + 161. Suppose -260 + 214 = -4*u + q, -20 = -u - 4*q. What is the highest common factor of u and x?
12
Let p = -39865 + 51094. Calculate the highest common factor of 114 and p.
57
Let u be (15/(-20))/(2/(-40)). Suppose -4*t + 832 = -5*p, u - 19 = p. What is the highest common divisor of t and 29?
29
Let i be (-5292)/78 - (-2)/(-13). Let x(p) = -p**2 - 20*p + 44. Let c be x(-22). Let h = c - i. Calculate the highest common factor of 17 and h.
17
Suppose -3*s + 1551 = 1359. Calculate the highest common factor of s and 1280.
64
Suppose 0 = -1288*n - 1283*n + 2586*n - 240. What is the highest common factor of n and 382?
2
Suppose 22*a - 473 - 1551 = 0. Suppose 8*s + x = 4*s + 549, -3*x - 147 = -s. Calculate the greatest common factor of s and a.
46
Let n be 330/50 - 1/((-20)/(-12)). Suppose 3*z + 2*z + 71 = 2*u, -2*u - z + 65 = 0. Calculate the highest common factor of n and u.
3
Suppose 174*p - 133*p - 2624 = 0. What is the highest common divisor of 44 and p?
4
Let a be -1 + (-5432)/6 + 94/(-141). Let l = 995 + a. What is the greatest common divisor of 187 and l?
11
Let n = -17080 - -17108. What is the greatest common divisor of 1044 and n?
4
Let c = 561 + -333. Let a = c - 227. Let l(q) = -q + 10. Let n be l(7). What is the greatest common factor of n and a?
1
Let n be 6/9 + (-14)/(-42) - -300. Let x(i) = -10*i - 7. Let o be x(-5). What is the highest common divisor of n and o?
43
Suppose 0 = 3*s + 2*s + 4*m + 256, 4*s - 3*m = -211. Suppose 3*k + k + 320 = 0. Let c = s - k. What is the highest common factor of 7 and c?
7
Let t = -231 + 412. Suppose -239 - t = -10*b. Let n(d) = 21*d. Let w be n(1). Calculate the greatest common divisor of w and b.
21
Let k be -1 + 2 + -2 + (3 - 6). Let s be 3 + (-88)/k + 2. What is the highest common divisor of 6 and s?
3
Suppose -d + 2389 - 506 = -3*c, 3*c - 4*d + 1871 = 0. Let j be -2 + -1*(c - 2). What is the greatest common factor of 17 and j?
17
Let z be (7 - 1) + (669 - -29). Suppose -10*a = 12*a - z. Calculate the greatest common factor of 576 and a.
32
Let c be (56/16 + -6)/((-3)/72*2). Suppose -3*v - 24 = -9, -w + v = -23. Calculate the highest common divisor of c and w.
6
Let t be (-175)/(-56) + (-1 + -2)/24. Suppose t*m - 2158 = -1354. What is the greatest common factor of m and 8?
4
Suppose -5*k - 618 = -n + 372, 587 = -3*k + 2*n. Let h = k + 210. Calculate the greatest common factor of h and 44.
11
Let u be 864/(-192)*(-1 - 149). What is the greatest common divisor of u and 189?
27
Let n(z) = 2*z**2 - 2*z + 5. Suppose -q - 2*d + 4*d = 5, -4*d + 1 = -5*q. Let o be n(q). What is the highest common factor of 289 and o?
17
Suppose 615*k - 610*k - 3*c = 443, 6*k - 2*c = 522. Suppose -2*w + 11 = -9. Calculate the highest common divisor of k and w.
5
Let v(z) = 67*z - 783. Let k be v(46). Calculate the highest common divisor of k and 152.
19
Let d be ((-30)/(-4))/((-16)/96). Let i = -26 - d. Calculate the greatest common divisor of i and 19.
19
Suppose -2*s + 20 = -x, 2*s + 3*s + x = 57. What is the highest common divisor of s and 13530?
11
Let u(g) = -g**2 - 8*g - 6. Let x be u(-6). Let i be (-32)/6*(-100 + 82). What is the highest common factor of i and x?
6
Let a be 1356/20 - (-1 - 3)/20. Let l = -51 + a. Let m = 3 + l. What is the greatest common divisor of m and 140?
20
Suppose -7*h + 11*h + 4162 = l, 5*l - 20742 = 3*h. Let r be l/8 - (-60)/(-48). What is the greatest common factor of 47 and r?
47
Let q(i) = i**3 + 11*i**2 + 7*i - 26. Let a be q(-10). Let z be 28 + a + (-3 - 1). Suppose -2*d = -4*d + z. Calculate the greatest common divisor of 112 and d.
14
Suppose -j = 5*g - 5*j - 2804, 4*g - 2237 = -3*j. Calculate the highest common factor of 80 and g.
80
Suppose -3*d = -5*o - d + 624, -3*o + 363 = -5*d. Let z be (-1)/2 + (-3)/(-6) + 90. Suppose 7*u - z = 36. What is the greatest common factor of o and u?
18
Let o(c) = -c**3 + 18*c**2 - 7*c - 216. Let v be o(16). Calculate the highest common factor of v and 2668.
92
Let v(w) = 5*w**2 + 89*w - 301. Let r be v(-52). What is the highest common divisor of r and 213?
71
Suppose 0 = -2*b + 3*o + 495, 250 = b + 3*o - 4*o. Suppose -t - 4*u = -35, -101 + 191 = 5*t + 3*u. Calculate the greatest common factor of t and b.
15
Suppose -5*y - 349 = -2*f, 5*y + 493 + 432 = 5*f. What is the highest common divisor of 28 and f?
4
Let h be -187 + -1*(-3 + (-2 - -7)). Let v = -161 - h. What is the highest common divisor of 28 and v?
28
Suppose 67*z - 32*z - 46585 = 0. What is the highest common factor of 11 and z?
11
Let m(z) = z**3 + 10*z**2 - 28*z - 5. Let n be m(3). Suppose 4*q = x - q - 353, 3*q = 15. Calculate the highest common factor of n and x.
14
Suppose -y + 4*v = -103, 2*v - 672 = -3*y - 251. Calculate the highest common divisor of 305 and y.
5
Let y(q) = 10*q**2 - 49*q + 554. Let m be y(11). Calculate the greatest common